actor of 231 and 690648?
21
What is the highest common divisor of 330 and 2490?
30
Calculate the greatest common divisor of 79439 and 113.
113
What is the greatest common factor of 235 and 14429?
47
What is the highest common divisor of 60 and 38460?
60
What is the highest common factor of 105 and 12327?
21
What is the greatest common divisor of 551 and 268743?
29
Calculate the highest common divisor of 6324575 and 50.
25
Calculate the greatest common factor of 2020 and 3535.
505
Calculate the highest common divisor of 624978 and 42.
6
Calculate the greatest common factor of 245004 and 1938.
102
What is the greatest common divisor of 2354 and 16906?
214
What is the highest common divisor of 1935596 and 52?
52
What is the greatest common factor of 633640 and 7?
7
Calculate the greatest common divisor of 106944 and 2112.
192
What is the greatest common divisor of 425858 and 1562?
142
Calculate the highest common divisor of 23076 and 54.
18
Calculate the highest common factor of 301 and 1763.
43
Calculate the highest common divisor of 68704 and 1130.
226
What is the highest common factor of 2112 and 54472?
88
Calculate the highest common divisor of 51936 and 150.
6
Calculate the highest common factor of 3500 and 182.
14
Calculate the highest common factor of 6752 and 192.
32
Calculate the greatest common divisor of 59 and 42716.
59
Calculate the greatest common divisor of 158195 and 3915.
145
What is the greatest common divisor of 92 and 1630424?
92
Calculate the highest common factor of 1168 and 30076.
292
Calculate the greatest common divisor of 7292 and 752899.
1823
What is the highest common factor of 278 and 66859?
139
Calculate the greatest common factor of 10 and 395.
5
What is the greatest common factor of 135823 and 71?
71
What is the greatest common divisor of 62 and 149823?
31
Calculate the highest common divisor of 17133 and 315.
3
Calculate the greatest common divisor of 10036 and 689.
13
Calculate the greatest common factor of 1568 and 245.
49
What is the highest common divisor of 8652 and 224?
28
What is the greatest common factor of 2430 and 120528?
486
What is the greatest common divisor of 75905 and 2159?
17
What is the greatest common divisor of 3968 and 37727?
31
What is the greatest common factor of 1125 and 9875?
125
What is the highest common divisor of 1320 and 479820?
660
What is the highest common divisor of 26 and 3875794?
26
What is the highest common divisor of 107432 and 52?
52
What is the highest common divisor of 54788 and 8?
4
What is the greatest common divisor of 259027 and 95?
19
What is the greatest common factor of 624 and 2028?
156
What is the greatest common divisor of 1232 and 57816?
88
What is the highest common divisor of 63187 and 3530?
353
What is the greatest common divisor of 256124 and 44?
44
Calculate the greatest common divisor of 3002464 and 32.
32
Calculate the highest common divisor of 2834 and 7957.
109
What is the highest common divisor of 89218 and 62?
62
What is the highest common divisor of 162483 and 984?
123
What is the highest common factor of 595394 and 698?
698
Calculate the highest common factor of 713773 and 19.
19
What is the highest common factor of 432 and 1808?
16
Calculate the greatest common divisor of 6358796 and 716.
716
Calculate the greatest common divisor of 196581 and 165.
33
What is the greatest common divisor of 8109 and 1411?
17
What is the greatest common factor of 3229252 and 136?
68
Calculate the greatest common divisor of 180680 and 16.
8
Calculate the highest common divisor of 892 and 3966724.
892
What is the greatest common divisor of 70154 and 378?
14
What is the greatest common divisor of 3069864 and 112?
56
Calculate the highest common divisor of 134 and 871.
67
Calculate the highest common factor of 3717 and 1351.
7
What is the highest common divisor of 64 and 2819392?
64
Calculate the highest common divisor of 786336 and 96.
96
Calculate the greatest common factor of 19810 and 140.
70
Calculate the greatest common factor of 10 and 139210.
10
What is the greatest common factor of 851 and 50301?
23
Calculate the highest common divisor of 712 and 3544.
8
What is the highest common factor of 30 and 439200?
30
What is the highest common divisor of 6 and 56514?
6
Calculate the greatest common divisor of 17261 and 574.
41
What is the highest common divisor of 168 and 36264?
24
What is the greatest common divisor of 11713 and 46410?
221
What is the highest common divisor of 102 and 259131?
51
Calculate the greatest common factor of 22 and 531289.
11
What is the highest common divisor of 280896 and 44?
44
What is the greatest common factor of 64 and 29424?
16
What is the highest common factor of 416 and 1274?
26
Calculate the greatest common divisor of 18112 and 992.
32
Calculate the greatest common divisor of 6099 and 4494.
321
Calculate the highest common divisor of 429 and 489.
3
Calculate the greatest common factor of 56 and 541807.
7
What is the highest common divisor of 1896972 and 924?
924
What is the highest common divisor of 31437 and 287?
7
Calculate the highest common divisor of 119372 and 44.
44
What is the greatest common factor of 850 and 6460?
170
Calculate the highest common divisor of 42189 and 5289.
123
Calculate the greatest common factor of 66038 and 9256.
178
Calculate the greatest common factor of 113873 and 1472.
23
What is the highest common divisor of 2805 and 575790?
255
What is the highest common divisor of 33392 and 16?
16
Calculate the highest common factor of 196949 and 23.
23
Calculate the greatest common divisor of 1354434 and 114.
114
What is the highest common divisor of 9 and 10248?
3
What is the highest common factor of 98 and 55811?
49
Calculate the highest common factor of 46954 and 272.
34
Calculate the highest common factor of 9460 and 11610.
430
Calculate the greatest common divisor of 8848047 and 307.
307
What is the highest common factor of 720 and 1335780?
180
Calculate the highest common factor of 684 and 102726.
18
What is the highest common factor of 171 and 40489?
19
Calculate the highest common factor of 1634 and 779.
19
Calculate the highest common factor of 1334224 and 32.
16
Calculate the greatest common divisor of 168 and 108276.
84
Calculate the greatest common divisor of 380 and 274.
2
What is the highest common factor of 30 and 10410?
30
Calculate the highest common divisor of 305774 and 28.
14
Calculate the greatest common factor of 76 and 172.
4
What is the greatest common factor of 8788565 and 2830?
1415
Calculate the greatest common divisor of 181515 and 15.
15
Calculate the greatest common factor of 804 and 240128.
268
What is the greatest common factor of 550 and 164725?
275
What is the highest common divisor of 36 and 177732?
36
What is the highest common divisor of 5 and 9894150?
5
Calculate the greatest common divisor of 3927 and 2499.
357
Calculate the highest common factor of 45 and 1849140.
45
What is the greatest common divisor of 76260 and 68060?
820
Calculate the greatest common divisor of 145855 and 1085.
155
What is the greatest common factor of 330 and 513210?
30
Calculate the greatest common factor of 33953 and 1064.
19
Calculate the greatest common factor of 198 and 2046.
66
What is the highest common divisor of 1656 and 589122?
414
What is the greatest common divisor of 40 and 88?
8
Calculate the highest common factor of 488 and 21260.
4
Calculate the highest common factor of 10746 and 756.
54
Calculate the greatest common divisor of 826 and 59354.
118
What is the highest common divisor of 49 and 236131?
49
Calculate the highest common divisor of 6212 and 4.
4
Calculate the highest common factor of 6656432 and 328.
328
Calculate the greatest common factor of 11358 and 126.
18
Calculate the greatest common factor of 252322 and 1072.
134
What is the highest common factor of 64 and 48864?
32
What is the greatest common divisor of 206 and 1418825?
103
What is the greatest common divisor of 32878 and 34?
34
What is the highest common divisor of 14 and 2503?
1
What is the highest common divisor of 75148 and 4?
4
Calculate the highest common divisor of 30 and 16791.
3
Calculate the greatest common factor of 22201 and 41422.
149
What is the greatest common factor of 240 and 203880?
120
What is